uppose 5*x = z + 2*z + 35630, -4*z = 2*x - 14226. Is x prime?
False
Let q(f) = -f**3 + f + 207. Let h be q(0). Suppose 5*g = 3*n - h, 0*g = 3*n - 2*g - 207. Is n a composite number?
True
Let n(w) = w**3 - 2*w**2 - 4*w + 1. Let l be n(-3). Is 1/(-4) + (-55720)/l composite?
False
Let a(k) = -52 + 5 + 2*k + 209 + 169. Is a(0) prime?
True
Suppose -2*b - 6*l + 5*l + 5 = 0, 35 = 2*b - 5*l. Let c = b + -17. Is (137/(-2))/(3/c) composite?
True
Suppose -3*a - x + 24 = -4*x, 5*a = -x + 10. Let i(u) = 11*u**2 - 6*u + 3. Let w be i(a). Let s = w + -53. Is s a prime number?
True
Let o(p) = 22*p**2 - 4*p + 13. Let i(l) = -2*l**2 - 14*l - 5. Let c be i(-7). Is o(c) composite?
True
Suppose -2*n - 14 = -5*b, -b - 2*b = 4*n - 24. Suppose 0 = b*c + 187 + 3041. Let m = -484 - c. Is m prime?
False
Let j = 20 - 20. Suppose -3*h + 5*h - 24 = -5*q, j = -3*h + 4*q - 10. Suppose h*s - 405 = -4*v - 3*s, -4*s - 170 = -2*v. Is v composite?
True
Let q(v) = 3*v**3 + 11*v**2 - 37*v - 2. Is q(9) composite?
True
Let c = 17655 + -8864. Is c composite?
True
Let c(m) = -m**2 - 8*m - 9. Let f(k) = -4*k**2 - 33*k - 37. Let y(d) = 9*c(d) - 2*f(d). Let w be y(-3). Is w/(-6) + 3990/9 a prime number?
True
Suppose -12*a = 4*a - 111152. Is a a composite number?
False
Let d(s) be the third derivative of -s**6/120 - s**5/30 - s**4/3 - 17*s**3/6 + 8*s**2. Let w be d(9). Let x = w - -2239. Is x prime?
True
Let s = -18 + -140. Let q = s + 104. Let g = 4 - q. Is g prime?
False
Is 47663/5 + (-18)/(-45) a composite number?
False
Let u be (6/(-2) - -2)/((-13)/52). Suppose -3*l - 2*t + 4705 = -0*l, -u*t = 16. Is l a prime number?
True
Let c(b) = b + 2. Let o be c(-2). Suppose -4*i + 11*i - 2093 = o. Is i a composite number?
True
Suppose 11 = -4*x + 4*t + 3, -2*x = 5*t + 25. Is x/((-3 - -2)*2/662) a composite number?
True
Let o = -2141 - -513. Let s = o + 9697. Is s a composite number?
False
Let f = -1807 - -5028. Is f a prime number?
True
Let c be 29537/3 + (10/15)/(-1). Suppose -h + c = 4*h. Is h prime?
False
Suppose 4*h + 29 = 3*c, -c + h - 3 = -11. Suppose -8*y = c*y - 1529. Is y a prime number?
True
Let w be 5/(15/3291) + -3. Suppose -3*j = -4*j + 2*s + 555, w = 2*j + 4*s. Is j a composite number?
True
Suppose -2*b + 2 + 18 = 0. Suppose n = -b + 479. Is n a composite number?
True
Let h(d) = -676*d + 29. Let u(l) = 338*l - 15. Let q(f) = 6*h(f) + 11*u(f). Is q(-2) prime?
False
Suppose 0 = -2*s - 4*l + 6, -4*s = -4*l + 2*l - 42. Suppose 0 = 6*u - s*u + 6. Is (4/6)/(u/3759) composite?
True
Let p(f) = 57*f + 8. Let a be (10/8)/((-7)/(-28)). Is p(a) composite?
False
Let f(c) = c**3 + 9*c**2 + 6*c - 3. Let q be f(-8). Let t be (q + -1)/((-12)/138). Let r = -59 - t. Is r a prime number?
True
Let k(b) = 24*b**2 - 25*b + 37. Is k(-18) a prime number?
True
Is 333/6*(-9)/((-27)/46) a prime number?
False
Let k be (2 - -1)*(3 + -2). Suppose 2*v = k*v - 3. Is (-518 + v - -1)/(-2) a prime number?
True
Let x be (-644)/(-20) - 1/5. Let p(i) = 65 - i**2 + x*i - 33*i + 2*i**2 + 24. Is p(0) prime?
True
Suppose 4*j - 66998 = -2*i - 0*i, -5*j - 100519 = -3*i. Is i composite?
False
Suppose 4*u - 1862 + 186 = 0. Is u prime?
True
Let p be (5 - 3 - 2) + (10 - -4). Suppose -p*w + 30141 - 1511 = 0. Is w prime?
False
Let i(o) = 2*o**2 - 7*o. Let l(h) = 3 - 4 + 1 - h + 1. Let q(s) = i(s) + 6*l(s). Is q(9) prime?
False
Let c(q) = 2*q**2 + 2*q + 31. Let j = -26 + 35. Is c(j) a composite number?
False
Suppose 1163 = -5*l + 3*p, l + 2*l + 4*p = -721. Let v = l - 809. Let b = v - -1999. Is b a prime number?
False
Let u(x) = -287*x - 37. Let z be u(-15). Suppose -16*k + 20*k = z. Is k a prime number?
False
Suppose -3*l + 4*l - 4*a = 593, -l - a + 598 = 0. Is l - 0/(4 + 1) composite?
True
Let n(c) be the first derivative of 26*c**2 + 31*c + 1. Let w(r) = -14*r**3 - 3*r**2 - 3*r - 1. Let f be w(-1). Is n(f) prime?
False
Let k be 452064/112 - 1/(7/2). Suppose -133*s + 137*s = k. Is s a composite number?
False
Let y(w) = -w**3 + 12*w**2 + 19*w + 11. Is y(-13) prime?
True
Let q(n) = 37*n**2 - 10*n - 79. Is q(12) a composite number?
True
Suppose 12*y - 55 = 7*y. Suppose -69 = -q - y. Is q a composite number?
True
Let j(i) = -77*i**3 - i**2 + 4*i - 47. Is j(-5) a composite number?
False
Suppose -3*f = -101 - 46. Suppose 174 = -5*w + f. Let c = w + 58. Is c composite?
True
Let n(t) = -t. Let u be n(12). Let y = u - -13. Is (-3)/y + -3 + 53 composite?
False
Let b(c) be the first derivative of 9*c**4/4 - 11*c**3/3 + 7*c**2/2 - 6*c - 7. Is b(7) a composite number?
False
Suppose -3*m + 84 = 6. Let x = m + 44. Let n = x - 31. Is n prime?
False
Let z be (8522/4)/(3/6). Let x = z + -6614. Let s = -1502 - x. Is s a prime number?
False
Let n(q) = 225*q - 16. Let o be 1*(4 + 1) + 0. Is n(o) prime?
True
Suppose -4*f + 8900 = -2552. Is f a composite number?
True
Let d = -7251 + 10958. Is d a composite number?
True
Suppose 3*w + 2*w = 10. Suppose 3*n - 7 = 4*s, -w*s - 13 = -3*n - s. Let x(p) = 4*p**2 + 6*p - 11. Is x(n) composite?
True
Is (-673)/(2/10 + 4/(-10)) a prime number?
False
Suppose 3*k - 60179 = -10*v + 5*v, -5*k + 5*v = -100325. Is k composite?
False
Suppose 3*o - 3*n + 8121 = 0, o - 2*o - 4*n = 2712. Let v = 1162 + -2821. Let j = v - o. Is j prime?
True
Let k = -10 - -15. Suppose 3*j - 18 = -k*w, -14 = -4*w - 5*j + 3*j. Is 157 + 3 - (w + -2) a composite number?
True
Let q(x) = -112*x + 15. Let u be q(-4). Let g = 904 - u. Suppose s = 88 + g. Is s composite?
True
Let h = -268 - -445. Is h composite?
True
Is (-7)/77 + 6975812/209 prime?
True
Suppose x + 4 = 21. Suppose -u + 0 = 4*t - x, 5*t + 25 = 0. Let j = -26 + u. Is j composite?
False
Let a = 4849 - 1803. Is a prime?
False
Let m be 3724/10 + 10/(-25). Suppose -5*b + 1243 = -m. Is b prime?
False
Suppose 51*d - 205635 = 36*d. Is d composite?
False
Let w(m) = 11*m**3 + 31*m**2 + 24*m + 9. Is w(8) composite?
False
Suppose -3*s - 441 = 2*l - 111, 0 = s + 3*l + 110. Let m = -152 + 317. Let f = s + m. Is f composite?
True
Is ((-2)/6)/(-4 - 2706579/(-676647)) prime?
False
Let w(n) = 2*n**3 - 43*n**2 + 48*n - 17. Is w(28) composite?
False
Let l(k) = -231*k - 214. Is l(-29) composite?
True
Suppose 5*l - 1777 + 106 = -4*a, -2*a + 1332 = 4*l. Is l prime?
True
Let h be 4/(1 + (-645)/647). Suppose s - h = -s. Is s a prime number?
True
Suppose 33136 = 6*n - 24326. Is n a composite number?
True
Is 18233297/1491 + (-38)/42 + 1 a prime number?
False
Suppose -5*o + 4170 + 8995 = t, -t = -3*o + 7899. Is o prime?
True
Let m(z) = 190*z**2 + z - 1. Let r be (-1)/4 - 102/(-24). Let q be 4*1/r*-2. Is m(q) a prime number?
True
Suppose 250 = 4*l + 2*b, 2*l = -l + 2*b + 191. Suppose 3*t + l = 6*t. Is t a composite number?
True
Let j be ((-21)/14)/(1/(-416)). Suppose 0 = -5*o + 2*o - j. Let h = o - -323. Is h a prime number?
False
Let w(u) = -4*u**3 - 13*u**2 - 32*u - 31. Is w(-6) a prime number?
True
Suppose 0 = x - 3*x - 5*v + 13284, -3*x + 5*v + 19901 = 0. Is x prime?
True
Let r(y) = -y**2 + y - 1. Let b be r(-2). Let n be 2/8 - b/4. Suppose -3*m + 443 = -n*m. Is m a composite number?
False
Suppose -23 = 4*x - 0*x + a, x + 5*a + 20 = 0. Let q(b) = 11*b**2 - 4*b - 1. Let p be q(x). Suppose -3*k = -p - 141. Is k a composite number?
True
Suppose -2*r = 914 + 314. Is (r/(-6))/((-21)/(-63)) prime?
True
Suppose 0 = 4*i - 4986 - 50. Is (i/1)/(2 + 1/(-1)) a composite number?
False
Suppose -141618 = 439*c - 445*c. Is c prime?
True
Suppose 8*z - 2*z - 46512 = 0. Suppose 2*t = 3*n - 5815, -2*n - 2*n = -4*t - z. Is n a composite number?
True
Suppose m + 8 = 3*m. Let x be m/(-22) - (-501)/33. Suppose -2*f = 3*f - x. Is f prime?
True
Let g be -18 - (0 - 3 - -6). Let c = 25 - g. Is c a prime number?
False
Let a be 2865/(-12) - 3/12. Let i = a + 546. Is i a composite number?
False
Let k(p) = 58*p**2 + 3*p - 12. Let v be k(-8). Suppose -6*r + 10*r - v = 0. Is r prime?
True
Let a(b) = 501*b - 263. Is a(36) a prime number?
False
Let l(c) = 36*c + 15. Let q be l(3). Suppose 8*x - q = 269. Is x a composite number?
True
Let q = 1421 + -1288. Is q prime?
False
Let c be (7 - (3 - 0)) + 0. Let k be (-6)/9*(-18)/c. Suppose 0 = 3*o - 2*p - 375, k*o + 2*p + 3*p = 396. Is o composite?
False
Let s = -18569 + 48232. Is s prime?
True
Let s(w) = 4*w**2 - 44*w - 5. Let v(o) = 2*o**2 - 9*o. Let h be v(6). Is s(h) prime?
True
Let p = 410 + -